{"id":24,"date":"2018-01-25T18:08:26","date_gmt":"2018-01-25T17:08:26","guid":{"rendered":"http:\/\/1.ttcwahlen.de\/?page_id=24"},"modified":"2023-02-08T15:19:08","modified_gmt":"2023-02-08T14:19:08","slug":"beitrittserklaerung","status":"publish","type":"page","link":"http:\/\/www.ttcwahlen.de\/?page_id=24","title":{"rendered":"Beitrittserkl\u00e4rung"},"content":{"rendered":"<p style=\"text-align: center;\"><span style=\"color: #000000; font-size: 16px;\">Beitrittserkl\u00e4rung inkl. Datenschutzerkl\u00e4rung als <span style=\"color: #008000;\">PDF-Datei<\/span> herunterladen =&gt;\u00a0<a href=\"http:\/\/www.ttcwahlen.de\/wp-content\/uploads\/2023\/02\/SEPA-TTC.doc\"><span style=\"color: #ff0000;\">klick hier<\/span><\/a><\/span><\/p>\n<hr \/>\n<p><span style=\"text-decoration: underline; color: #000000; font-size: 16px;\"><strong>Hinweise:<\/strong><\/span><\/p>\n<p><span style=\"font-size: 16px;\"><span style=\"color: #000000;\">Mit dem Beitritt erkennt das Mitglied die Satzung des TTC WNL Losheim am See an und ist mit der Speicherung und Nutzung der Daten\u00a0<\/span><span style=\"color: #000000;\">einverstanden. Die Beendigung der Mitgliedschaft muss schriftlich gegen\u00fcber dem Verein (1. Vors. ) erkl\u00e4rt werden, unter\u00a0<\/span><\/span><span style=\"color: #000000; font-size: 16px;\">Einhaltung einer Frist von 6 Wochen zum Jahresende.<\/span><\/p>\n<p><span style=\"color: #000000; font-size: 16px;\">Die f\u00e4lligen Beitr\u00e4ge werden halbj\u00e4hrlich zum 01.02.\/01.08. j.Jahres abgebucht. (Sollte dieses Datum nicht auf<\/span><br \/>\n<span style=\"color: #000000; font-size: 16px;\"> einen Gesch\u00e4ftstag fallen, so ist der n\u00e4chste Gesch\u00e4ftstag ma\u00dfgeblich, der auf den angegebenen F\u00e4lligkeitstag<\/span><br \/>\n<span style=\"color: #000000; font-size: 16px;\"> folgt).<\/span><\/p>\n<p><span style=\"text-decoration: underline; font-size: 16px;\"><span style=\"color: #000000; text-decoration: underline;\">Die Mitgliedsbeitr\u00e4ge betragen zur Zeit:<\/span><\/span><br \/>\n<span style=\"color: #000000; font-size: 16px;\"> <strong>Erwachsene<\/strong> \/ <strong>Jugendliche<\/strong> \/ <strong>Kinder<\/strong>: \u00a0 \u00a0 \u00a0 \u00a0 \u00a0 <strong>10,<\/strong><strong>00\u20ac<\/strong> im Monat<\/span><br \/>\n<span style=\"color: #000000; font-size: 16px;\"> <strong>Familien<\/strong>: \u00a0 \u00a0 \u00a0 \u00a0 \u00a0 \u00a0 \u00a0 \u00a0 \u00a0 \u00a0 \u00a0 \u00a0 \u00a0 \u00a0 \u00a0 \u00a0 \u00a0 \u00a0 \u00a0 \u00a0 \u00a0 \u00a0 \u00a0 \u00a0 \u00a0 \u00a0 \u00a0 \u00a0 \u00a0\u00a0<strong>1<\/strong><strong>5,00\u20ac<\/strong> im Monat<\/span><\/p>\n","protected":false},"excerpt":{"rendered":"<p>Beitrittserkl\u00e4rung inkl. Datenschutzerkl\u00e4rung als PDF-Datei herunterladen =&gt;\u00a0klick hier Hinweise: Mit dem Beitritt erkennt das Mitglied die Satzung des TTC WNL Losheim am See an und ist mit der Speicherung und Nutzung der Daten\u00a0einverstanden. Die Beendigung der Mitgliedschaft muss schriftlich gegen\u00fcber dem Verein (1. Vors. ) erkl\u00e4rt werden, unter\u00a0Einhaltung einer Frist von 6 Wochen zum Jahresende. &hellip; <a href=\"http:\/\/www.ttcwahlen.de\/?page_id=24\" class=\"more-link\">Continue reading<span class=\"screen-reader-text\"> &#8222;Beitrittserkl\u00e4rung&#8220;<\/span><\/a><\/p>\n","protected":false},"author":1,"featured_media":0,"parent":0,"menu_order":0,"comment_status":"closed","ping_status":"closed","template":"","meta":{"footnotes":""},"class_list":["post-24","page","type-page","status-publish","hentry","hfeed"],"_links":{"self":[{"href":"http:\/\/www.ttcwahlen.de\/index.php?rest_route=\/wp\/v2\/pages\/24","targetHints":{"allow":["GET"]}}],"collection":[{"href":"http:\/\/www.ttcwahlen.de\/index.php?rest_route=\/wp\/v2\/pages"}],"about":[{"href":"http:\/\/www.ttcwahlen.de\/index.php?rest_route=\/wp\/v2\/types\/page"}],"author":[{"embeddable":true,"href":"http:\/\/www.ttcwahlen.de\/index.php?rest_route=\/wp\/v2\/users\/1"}],"replies":[{"embeddable":true,"href":"http:\/\/www.ttcwahlen.de\/index.php?rest_route=%2Fwp%2Fv2%2Fcomments&post=24"}],"version-history":[{"count":15,"href":"http:\/\/www.ttcwahlen.de\/index.php?rest_route=\/wp\/v2\/pages\/24\/revisions"}],"predecessor-version":[{"id":2034,"href":"http:\/\/www.ttcwahlen.de\/index.php?rest_route=\/wp\/v2\/pages\/24\/revisions\/2034"}],"wp:attachment":[{"href":"http:\/\/www.ttcwahlen.de\/index.php?rest_route=%2Fwp%2Fv2%2Fmedia&parent=24"}],"curies":[{"name":"wp","href":"https:\/\/api.w.org\/{rel}","templated":true}]}}