{"id":46,"date":"2018-01-25T18:11:26","date_gmt":"2018-01-25T17:11:26","guid":{"rendered":"http:\/\/1.ttcwahlen.de\/?page_id=46"},"modified":"2026-02-08T18:33:00","modified_gmt":"2026-02-08T17:33:00","slug":"aktuelles","status":"publish","type":"page","link":"http:\/\/www.ttcwahlen.de\/?page_id=46","title":{"rendered":"Aktuelles"},"content":{"rendered":"\n<p>Vom 28.01.2026 &#8211; 17.02.2026 ist die Halle in Niederlosheim wegen Fastnacht f\u00fcr den Trainingsbetrieb gesperrt. Letztes Training in Wahlen vor Fastnacht ist am 12.01.2026.<\/p>\n\n\n\n\n\n<p>Das n\u00e4chste Qualifikationsturnier der Jungen U19 wird am Sonntag den 8. M\u00e4rz, ab 10.00 Uhr in Merzig ausgetragen. Alle Jugendlichen sind startberechtigt. Anmeldungen bitte im WhatsApp-Jugend Chat.\u00a0<\/p>\n","protected":false},"excerpt":{"rendered":"<p>Vom 28.01.2026 &#8211; 17.02.2026 ist die Halle in Niederlosheim wegen Fastnacht f\u00fcr den Trainingsbetrieb gesperrt. Letztes Training in Wahlen vor Fastnacht ist am 12.01.2026. Das n\u00e4chste Qualifikationsturnier der Jungen U19 wird am Sonntag den 8. M\u00e4rz, ab 10.00 Uhr in Merzig ausgetragen. Alle Jugendlichen sind startberechtigt. Anmeldungen bitte im WhatsApp-Jugend Chat.\u00a0<\/p>\n","protected":false},"author":1,"featured_media":0,"parent":0,"menu_order":0,"comment_status":"closed","ping_status":"closed","template":"","meta":{"footnotes":""},"class_list":["post-46","page","type-page","status-publish","hentry","hfeed"],"_links":{"self":[{"href":"http:\/\/www.ttcwahlen.de\/index.php?rest_route=\/wp\/v2\/pages\/46","targetHints":{"allow":["GET"]}}],"collection":[{"href":"http:\/\/www.ttcwahlen.de\/index.php?rest_route=\/wp\/v2\/pages"}],"about":[{"href":"http:\/\/www.ttcwahlen.de\/index.php?rest_route=\/wp\/v2\/types\/page"}],"author":[{"embeddable":true,"href":"http:\/\/www.ttcwahlen.de\/index.php?rest_route=\/wp\/v2\/users\/1"}],"replies":[{"embeddable":true,"href":"http:\/\/www.ttcwahlen.de\/index.php?rest_route=%2Fwp%2Fv2%2Fcomments&post=46"}],"version-history":[{"count":186,"href":"http:\/\/www.ttcwahlen.de\/index.php?rest_route=\/wp\/v2\/pages\/46\/revisions"}],"predecessor-version":[{"id":2611,"href":"http:\/\/www.ttcwahlen.de\/index.php?rest_route=\/wp\/v2\/pages\/46\/revisions\/2611"}],"wp:attachment":[{"href":"http:\/\/www.ttcwahlen.de\/index.php?rest_route=%2Fwp%2Fv2%2Fmedia&parent=46"}],"curies":[{"name":"wp","href":"https:\/\/api.w.org\/{rel}","templated":true}]}}