{"id":506,"date":"2018-03-29T09:18:46","date_gmt":"2018-03-29T08:18:46","guid":{"rendered":"http:\/\/www.ttcwahlen.de\/?page_id=506"},"modified":"2020-01-12T21:50:06","modified_gmt":"2020-01-12T20:50:06","slug":"datenschutzerklaerung","status":"publish","type":"page","link":"http:\/\/www.ttcwahlen.de\/?page_id=506","title":{"rendered":"Datenschutzerkl\u00e4rung"},"content":{"rendered":"<p style=\"text-align: center;\"><span style=\"color: #000000; font-size: 16px;\">Mit der Beantragung einer Spielberechtigung durch den Verein willigt der\/die Spieler\/in ein, dass Name, Vorname, Geburtsjahr, Emailadresse, Geschlecht, Nationalit\u00e4t, Vereinszugeh\u00f6rigkeit, Spielergebnisse\/Bilanzen und der Spielst\u00e4rkewert (= TTR-Wert) ver\u00f6ffentlicht werden. <\/span><br \/>\n<span style=\"color: #000000; font-size: 16px;\"> Denn die Mannschaftsspiele und Turniere werden nach Geschlechts-, Alters- und Leistungsklassen ausgetragen. Daher sind die Daten f\u00fcr die Planungen des Vereins unerl\u00e4sslich.<\/span><br \/>\n<span style=\"color: #000000; font-size: 16px;\"> Die genannten Daten werden auch an die Internetportale Click-tt und Mytischtennis weitergeleitet. \u00dcber diese Portale wird der gesamte Spielbetrieb im DTTB und seinen Landesverb\u00e4nden organisiert und dargestellt.\u00a0<\/span><br \/>\n<span style=\"color: #000000; font-size: 16px;\"> Alle genannten Daten bleiben w\u00e4hrend der Mitgliedschaft gespeichert. Steuerrelevante Daten werden nach dem Austritt aus dem Verein 10 Jahre aufbewahrt.<\/span><br \/>\n<span style=\"color: #000000; font-size: 16px;\"> Jedes Mitglied hat ein Widerrufsrecht und Auskunftsrecht zur Verwendung seiner Daten. Auf dieser Homepage\u00a0findet man unter \u201eImpressum\u201c die verantwortliche Person.<\/span><\/p>\n<p>&#8212;&#8212;&#8212;&#8212;&#8212;&#8212;&#8212;&#8212;&#8212;&#8212;&#8212;&#8212;&#8212;&#8212;&#8212;&#8212;&#8212;&#8212;&#8212;&#8212;&#8212;&#8212;&#8212;&#8212;&#8212;&#8212;&#8212;&#8212;&#8212;&#8212;&#8212;&#8212;&#8212;&#8212;&#8212;&#8212;&#8212;&#8212;&#8212;&#8212;&#8212;&#8212;&#8211;<\/p>\n<p><strong>Information zum Datenschutz durch Click-tt<\/strong><br \/>\nDie europ\u00e4ische Datenschutzverordnung verpflichtet uns, Sie \u00fcber die Verarbeitung personenbezogener Daten zu informieren (EU-DSGVO Art. 14). Gerne kommen wir dieser Pflicht mit diesem Informationsblatt nach. Ihre Daten wurden von einem Mitarbeiter oder einer Mitarbeiterin Ihres Vereines oder Verbandes erfasst und wir haben sie bzw. ihn dazu aufgefordert, Ihnen dieses Informationsblatt zukommen zu lassen.<br \/>\nDer Verband, als verantwortliche Stelle, verarbeitet und nutzt Ihre personenbezogenen Daten insbesondere zur Organisation und Durchf\u00fchrung des Spielbetriebes, zur Berechnung von Ranglisten oder anderen Instrumenten zur Leistungsklassifizierung, f\u00fcr die Information \u00fcber \u2013 und die Durchf\u00fchrung erg\u00e4nzender Angebote (wie z.B. Ausbildungsveranstaltungen) und generell dazu, Ihre Sportart f\u00fcr Sie und andere Interessierte in der \u00d6ffentlichkeit und in digitalen Plattformen zu f\u00f6rdern und attraktiv darzustellen. Zu diesem Zweck werden die Personenstammdaten, Kommunikationsdaten, Mitgliedschaften in Vereinen, Vereins- und Verbandsfunktionen, Lizenzen f\u00fcr die Teilnahme an Veranstaltungen oder die Aus\u00fcbung von Funktionen (Spieler, Trainer, Schiedsrichter etc.), Ergebnisse, Ereignisse und Erfolge bei der Teilnahme an Wettbewerben erhoben und verarbeitet und \u2013 soweit f\u00fcr den Spielbetrieb oder entsprechenden anderen Zweck erforderlich \u2013 auf der nuLiga-Seite bzw. \u00fcber Schnittstellen zur Verbandshomepage in eingeschr\u00e4nktem Umfang \u00f6ffentlich zug\u00e4nglich gemacht. Wir kommen damit einerseits unseren vertraglichen Verpflichtungen nach, die sich aus Ihrer Vereins- und Verbandsmitgliedschaft, Ihrer Teilnahme an Wettbewerben und anderen Veranstaltungen bzw. generell Ihrer Wahrnehmung unserer Angebote ergeben. Andererseits k\u00f6nnen wir damit das berechtigte Interesse zur F\u00f6rderungen unserer Sportart wahrnehmen.<br \/>\nZum Zwecke der Organisation und der Gew\u00e4hrleistung eines ordnungsgem\u00e4\u00dfen Spielbetriebes werden dar\u00fcber hinaus dem nationalen Dachverband Zugriffsrechte auf die Spielerdaten gew\u00e4hrt. F\u00fcr den Fall Ihrer Teilnahme an Turnieren, Mannschaftswettbewerben und anderen Veranstaltungen des Verbandes, haben die durchf\u00fchrenden Stellen Zugriff auf Ihre teilnahmerelevanten, personenbezogenen Daten und d\u00fcrfen diese zur Durchf\u00fchrung dieser Veranstaltungen sowie zur Verbesserung und Vereinfachung der spieltechnischen und organisatorischen Abl\u00e4ufe verarbeiten und nutzen.<br \/>\nDie ordnungsgem\u00e4\u00dfe Durchf\u00fchrung des Spielbetriebes sowie andere vertragliche Verpflichtungen erfordern z.T. eine langfristige Speicherung personenbezogener Daten. Abh\u00e4ngig von den Erfordernissen werden einzelne Dateninhalte wie Adressen und Kontaktdaten, digitalisierte Bilder und Dokumente oder auch der gesamte Personenstammdatensatz gel\u00f6scht, sobald sie nicht mehr ben\u00f6tigt werden.<br \/>\nEs stehen Ihnen im Sinne des Art. 14.2 der EU-DSGVO die folgenden Rechte zu: Auskunftsrecht, Beschwerderecht bei der Aufsichtsbeh\u00f6rde, Recht auf Berichtigung, Recht auf Daten\u00fcbertragbarkeit, ggf. Recht auf Einschr\u00e4nkung der Verarbeitung oder L\u00f6schung, wenn die Interessenslage dazu veranlasst.<br \/>\nWeitere Informationen entnehmen Sie bitte den Datenschutzbestimmungen des Verbandes.<\/p>\n","protected":false},"excerpt":{"rendered":"<p>Mit der Beantragung einer Spielberechtigung durch den Verein willigt der\/die Spieler\/in ein, dass Name, Vorname, Geburtsjahr, Emailadresse, Geschlecht, Nationalit\u00e4t, Vereinszugeh\u00f6rigkeit, Spielergebnisse\/Bilanzen und der Spielst\u00e4rkewert (= TTR-Wert) ver\u00f6ffentlicht werden. Denn die Mannschaftsspiele und Turniere werden nach Geschlechts-, Alters- und Leistungsklassen ausgetragen. Daher sind die Daten f\u00fcr die Planungen des Vereins unerl\u00e4sslich. Die genannten Daten werden auch &hellip; <a href=\"http:\/\/www.ttcwahlen.de\/?page_id=506\" class=\"more-link\">Continue reading<span class=\"screen-reader-text\"> &#8222;Datenschutzerkl\u00e4rung&#8220;<\/span><\/a><\/p>\n","protected":false},"author":1,"featured_media":0,"parent":0,"menu_order":0,"comment_status":"closed","ping_status":"closed","template":"","meta":{"footnotes":""},"class_list":["post-506","page","type-page","status-publish","hentry","hfeed"],"_links":{"self":[{"href":"http:\/\/www.ttcwahlen.de\/index.php?rest_route=\/wp\/v2\/pages\/506","targetHints":{"allow":["GET"]}}],"collection":[{"href":"http:\/\/www.ttcwahlen.de\/index.php?rest_route=\/wp\/v2\/pages"}],"about":[{"href":"http:\/\/www.ttcwahlen.de\/index.php?rest_route=\/wp\/v2\/types\/page"}],"author":[{"embeddable":true,"href":"http:\/\/www.ttcwahlen.de\/index.php?rest_route=\/wp\/v2\/users\/1"}],"replies":[{"embeddable":true,"href":"http:\/\/www.ttcwahlen.de\/index.php?rest_route=%2Fwp%2Fv2%2Fcomments&post=506"}],"version-history":[{"count":7,"href":"http:\/\/www.ttcwahlen.de\/index.php?rest_route=\/wp\/v2\/pages\/506\/revisions"}],"predecessor-version":[{"id":1376,"href":"http:\/\/www.ttcwahlen.de\/index.php?rest_route=\/wp\/v2\/pages\/506\/revisions\/1376"}],"wp:attachment":[{"href":"http:\/\/www.ttcwahlen.de\/index.php?rest_route=%2Fwp%2Fv2%2Fmedia&parent=506"}],"curies":[{"name":"wp","href":"https:\/\/api.w.org\/{rel}","templated":true}]}}