{"id":81,"date":"2018-01-26T16:08:54","date_gmt":"2018-01-26T15:08:54","guid":{"rendered":"http:\/\/1.ttcwahlen.de\/?page_id=81"},"modified":"2025-11-23T16:10:24","modified_gmt":"2025-11-23T15:10:24","slug":"training","status":"publish","type":"page","link":"http:\/\/www.ttcwahlen.de\/?page_id=81","title":{"rendered":"Training"},"content":{"rendered":"<p><span style=\"color: #000000;\"><span style=\"font-family: Arial, Helvetica, sans-serif;\"><span style=\"font-size: large;\"><u><b>Trainingszeiten:<\/b><\/u><\/span><\/span><\/span><\/p>\n<p><span style=\"color: #000000;\"><span style=\"font-family: Arial, Helvetica, sans-serif;\"><span style=\"font-size: medium;\"><b>Montags: Sport- und Kulturhalle Wahlen<\/b><\/span><\/span><\/span><\/p>\n<p><span style=\"color: #000000;\"><span style=\"font-family: Arial, Helvetica, sans-serif;\"><span style=\"font-size: medium;\">19.00 &#8211; 20.30 Uhr Sch\u00fcler- und Jugendtraining; Aktiventraining je nach Belegungsplan (Bitte beim \u00dcbungsleiter erfragen.)<br \/>\n<\/span><\/span><\/span><\/p>\n<p><span style=\"color: #000000;\"><span style=\"font-family: Arial, Helvetica, sans-serif;\"><span style=\"font-size: medium;\"><b>Mittwochs: Sporthalle Niederlosheim<\/b><\/span><\/span><\/span><\/p>\n<p><span style=\"color: #000000;\"><span style=\"font-family: Arial, Helvetica, sans-serif;\"><span style=\"font-size: medium;\"><span style=\"color: #000000;\">19.00 bis 21.00 Uhr Sch\u00fcler-, Jugend- und Erwachsenentraining (je nach aktuellem Belegungsplan).<\/span><br \/>\n<\/span><\/span><\/span><\/p>\n<p>Vom 28.01.2026 &#8211; 17.02.2026 ist die Halle wegen Fastnacht f\u00fcr den Trainingsbetrieb gesperrt.<\/p>\n<p><span style=\"color: #000000;\"><span style=\"font-family: Arial, Helvetica, sans-serif;\"><span style=\"font-size: medium;\"><b>Freitags: Kleine Schulturnhalle Losheim<\/b><\/span><\/span><\/span><\/p>\n<p><span style=\"color: #000000;\"><span style=\"font-family: Arial, Helvetica, sans-serif;\"><span style=\"font-size: medium;\">19.00 bis 20.30 Uhr Sch\u00fcler- und Jugendtraining; Aktiventraining je nach Belegungsplan (Bitte beim \u00dcbungsleiter erfragen.)<\/span><\/span><\/span><\/p>\n<p>Die Hallen stehen in der Zeit vor Fastnacht nur eingeschr\u00e4nkt zur Verf\u00fcgung. &#8222;Aktuelles&#8220; beachten!<\/p>\n<table border=\"3\" width=\"100%\" cellspacing=\"0\" cellpadding=\"2\">\n<colgroup>\n<col width=\"256\" \/> <\/colgroup>\n<tbody>\n<tr>\n<td bgcolor=\"#ffff00\" width=\"100%\">\n<p align=\"CENTER\"><span style=\"color: #ff0000;\"><span style=\"font-family: Arial, Helvetica, sans-serif;\"><span style=\"font-size: large;\"><u><b>Achtung:<\/b><\/u><\/span><\/span><\/span><\/p>\n<p align=\"CENTER\"><span style=\"color: #000000;\"><span style=\"font-family: Arial, Helvetica, sans-serif;\"><span style=\"font-size: medium;\"><b>W\u00e4hrend der Ferien wird in Wahlen nicht trainiert.<\/b><\/span><\/span><\/span><\/p>\n<p align=\"CENTER\"><span style=\"color: #000000;\"><span style=\"font-family: Arial, Helvetica, sans-serif;\"><span style=\"font-size: medium;\"><b><br \/>\nDas Training in Losheim findet durchgehend auch w\u00e4hrend der Ferien statt!<\/b><\/span><\/span><\/span><\/p>\n<p align=\"CENTER\"><span style=\"color: #000000;\"><span style=\"font-family: Arial, Helvetica, sans-serif;\"><span style=\"font-size: medium;\"><b>\u00dcber das Ferientraining in Niederlosheim wird jeweils kurz vor Ferienbeginn entschieden.<\/b><\/span><\/span><\/span><\/p>\n<hr \/>\n<p align=\"CENTER\"><span style=\"text-decoration: underline;\"><span style=\"color: #000000; background-color: #ffff00; text-decoration: underline;\"><span style=\"font-family: Arial, Helvetica, sans-serif;\"><span style=\"font-size: medium; background-color: #ffff00;\"><b>Beachtet bitte die Hinweise unter &#8222;Aktuelles&#8220;.<\/b><\/span><\/span><\/span><\/span><\/p>\n<\/td>\n<\/tr>\n<\/tbody>\n<\/table>\n","protected":false},"excerpt":{"rendered":"<p>Trainingszeiten: Montags: Sport- und Kulturhalle Wahlen 19.00 &#8211; 20.30 Uhr Sch\u00fcler- und Jugendtraining; Aktiventraining je nach Belegungsplan (Bitte beim \u00dcbungsleiter erfragen.) Mittwochs: Sporthalle Niederlosheim 19.00 bis 21.00 Uhr Sch\u00fcler-, Jugend- und Erwachsenentraining (je nach aktuellem Belegungsplan). Vom 28.01.2026 &#8211; 17.02.2026 ist die Halle wegen Fastnacht f\u00fcr den Trainingsbetrieb gesperrt. Freitags: Kleine Schulturnhalle Losheim 19.00 bis &hellip; <a href=\"http:\/\/www.ttcwahlen.de\/?page_id=81\" class=\"more-link\">Continue reading<span class=\"screen-reader-text\"> &#8222;Training&#8220;<\/span><\/a><\/p>\n","protected":false},"author":1,"featured_media":0,"parent":0,"menu_order":0,"comment_status":"closed","ping_status":"closed","template":"","meta":{"footnotes":""},"class_list":["post-81","page","type-page","status-publish","hentry","hfeed"],"_links":{"self":[{"href":"http:\/\/www.ttcwahlen.de\/index.php?rest_route=\/wp\/v2\/pages\/81","targetHints":{"allow":["GET"]}}],"collection":[{"href":"http:\/\/www.ttcwahlen.de\/index.php?rest_route=\/wp\/v2\/pages"}],"about":[{"href":"http:\/\/www.ttcwahlen.de\/index.php?rest_route=\/wp\/v2\/types\/page"}],"author":[{"embeddable":true,"href":"http:\/\/www.ttcwahlen.de\/index.php?rest_route=\/wp\/v2\/users\/1"}],"replies":[{"embeddable":true,"href":"http:\/\/www.ttcwahlen.de\/index.php?rest_route=%2Fwp%2Fv2%2Fcomments&post=81"}],"version-history":[{"count":26,"href":"http:\/\/www.ttcwahlen.de\/index.php?rest_route=\/wp\/v2\/pages\/81\/revisions"}],"predecessor-version":[{"id":2565,"href":"http:\/\/www.ttcwahlen.de\/index.php?rest_route=\/wp\/v2\/pages\/81\/revisions\/2565"}],"wp:attachment":[{"href":"http:\/\/www.ttcwahlen.de\/index.php?rest_route=%2Fwp%2Fv2%2Fmedia&parent=81"}],"curies":[{"name":"wp","href":"https:\/\/api.w.org\/{rel}","templated":true}]}}